inder when 116 is divided by t?
26
Suppose -4*h = 112 - 320. What is the remainder when h is divided by 11?
8
Let y(i) be the third derivative of i**6/120 - i**4/24 + 19*i**3/6 - i**2. Calculate the remainder when y(0) is divided by 10.
9
Let t = 11 - 6. Suppose -5*j = 5*z - 25, -t = -0*j - j - 5*z. Suppose 2*d = 5*d - 24. What is the remainder when d is divided by j?
3
Calculate the remainder when 33 is divided by ((-4)/(-2))/(16/72).
6
Suppose -22 = z + 9. Let l = 58 + z. Calculate the remainder when l is divided by 15.
12
Suppose -2*q = -q. Suppose q*x + 3*x - 8 = -o, 0 = -4*o - 2*x + 52. Let p = 17 + -12. Calculate the remainder when o is divided by p.
4
Let n be 24/(-16)*(-4)/3. Let u(t) = 2*t + 1. Calculate the remainder when 16/n - (3 - 2) is divided by u(2).
2
Let j be (10/(-6))/(2/(-66)). Suppose 5*a = 4*f - j, -4*f + 2*a = -2*a - 52. Suppose -b + f = -46. Calculate the remainder when b is divided by 19.
18
Let i = 120 + -36. Calculate the remainder when i is divided by 22.
18
Let q = 42 - 9. Calculate the remainder when 96 is divided by q.
30
Suppose 3*s = -5*y + 11, 4*y + 10 = 5*y - 2*s. Calculate the remainder when 22 is divided by (2/6)/(y/72).
4
Let n(s) = 4*s**2 + 1. Let l be n(1). Suppose -3*y + 2*i + 38 = 0, 2*y - l*i = 10 - 3. What is the remainder when 63 is divided by y?
15
Suppose -s + 6 + 0 = 0. What is the remainder when 24 is divided by 9/(s - 3)*3?
6
Let n(c) = -c**3 - 4*c**2 + 6*c - 4. Let i be n(-5). Let j = i - -18. Suppose 5*t - 38 - 47 = 0. Calculate the remainder when t is divided by j.
8
Let g(l) = 6*l - 4 - 4 + 6. What is the remainder when 19 is divided by g(2)?
9
Suppose -v + 32 = 3*v. Suppose 4*w + 54 = 3*h, 3*h = -3*w - 11 + 44. Calculate the remainder when h is divided by v.
6
Suppose -3*z + 5*t + 65 = 3*t, z = 2*t + 23. Suppose -2*j - 6 - 2 = 0. Calculate the remainder when z is divided by j/(-6)*(-33)/(-2).
10
Let r = 11 - -7. Calculate the remainder when r is divided by 11.
7
Let v(d) = d**2 - 6*d - 9. Let t be v(7). What is the remainder when 27 is divided by 17 + t + (-4)/4?
13
Suppose -s + 4*k - 6 = 0, 4*k = s - 3*s + 12. Suppose 0 - s = -2*p. What is the remainder when -1 - p - 0 - -10 is divided by 3?
2
Suppose 104 = -2*p + 6*p. Suppose 3*k + 5*u = 12, 0 = -2*k - u + 9 + 6. Calculate the remainder when p is divided by k.
8
Suppose 0 = 5*p - 19 - 1. Let x = 6 - p. Suppose -x*d + 20 = -0*d. What is the remainder when d is divided by 4?
2
Suppose 5 = -5*n + 55. Let o = n - 6. Suppose 0 = 5*b - o*c - 3, -2*c + 0 = -6. Calculate the remainder when 5 is divided by b.
2
Suppose 2*b + 9 + 11 = 0. Suppose 0 = 7*a - 2*a - 30. Calculate the remainder when a is divided by (8/b)/(2/(-5)).
0
Let z(t) = 4*t - 6. Let l(y) = y + 6. Let b be l(0). Suppose 3*r + b = 0, -3*r - 18 - 17 = -o. Calculate the remainder when o is divided by z(4).
9
Let x = -8 - -13. Suppose -v = 0, -2*t = -3*v - 5 + 1. Suppose -3*l = -3*z + 4 + 8, -13 = -t*z + l. What is the remainder when z is divided by x?
4
Suppose -24 = -s + 3*q, -3*s + q - 10 = -74. Let t = 14 - s. Calculate the remainder when -1 + 9 + (-7 - t) is divided by 5.
3
Suppose 0 = -0*r + 5*r + 2*m - 45, r = -5*m + 9. What is the remainder when 35 is divided by r?
8
Let o(a) = 2*a**2 - 9*a + 8. Let c be o(6). Suppose -m - m = -c. Calculate the remainder when 24 is divided by m.
11
Let b(l) = 20*l - 18. What is the remainder when b(5) is divided by 21?
19
Let f(y) = -y**2 + 12*y + 11. Calculate the remainder when f(12) is divided by 6.
5
Let p be 1*(4 + -2) - -66. Suppose -2*u - 16 = -p. Calculate the remainder when 51 is divided by u.
25
Suppose -10*d + 4*d + 132 = 0. What is the remainder when d is divided by 6?
4
Let f = 8 - 12. Let s be 1 + f + (-4)/(-1). Calculate the remainder when -3 - (3 + (-69)/s) is divided by 16.
15
Let d = 39 + -27. Let h(n) = -12*n - 8. Let g(b) = -4*b - 3. Let k(j) = 7*g(j) - 2*h(j). Calculate the remainder when k(-10) is divided by d.
11
Let s = 18 - 9. Let p = s + -7. Suppose 5*r = 2*h + p*h - 78, -4*h - 2*r = -64. Calculate the remainder when 48 is divided by h.
14
Calculate the remainder when 4/22 + 6825/275 is divided by 14.
11
Let g(l) = 2*l**2 + 3*l - 8. Calculate the remainder when 11 is divided by g(2).
5
What is the remainder when 42 is divided by (-264)/(-36)*(-3)/(-2)?
9
Let z = 33 - 12. Calculate the remainder when 11 is divided by (-2)/3*z/(-2).
4
Suppose 0*i + 8 = -4*i. Let u = 1 + 22. Let w = u - i. Calculate the remainder when w is divided by 9.
7
Let n = 4 + -1. Suppose -n*k = -7*k. Suppose k = 2*s - 2. What is the remainder when 3 is divided by s?
0
Let o = 590 + -285. Suppose -8 = -4*v + 12. Suppose 5*k = -v*i + o, 5*k = 2*i + 4*k - 116. What is the remainder when i is divided by 20?
19
Suppose 4 = 3*a - 3*b + 2*b, 2*b = 2*a. Suppose 0 = a*n - 3*n + 3. What is the remainder when n is divided by 2?
1
Let i be -2 - 0*2/(-6). Let s(r) = -12*r - 3. What is the remainder when 3/2*80/3 is divided by s(i)?
19
Suppose 6*z - 7*z = -6*z. Let o(y) = 2*y - 8. Let s be o(7). Suppose 3*t - s = -z*t. What is the remainder when 4 is divided by t?
0
Let x(r) be the second derivative of -7*r**4/12 - r**3/2 - 3*r**2/2 - 3*r. Let n be x(-2). Let b = n + 63. What is the remainder when b is divided by 20?
18
Let d = -119 + 188. What is the remainder when d is divided by 35?
34
Suppose 4*w + 5*f - 108 = 25, 4*w + f - 113 = 0. What is the remainder when w is divided by 7?
6
Let j(f) = 8*f**3 - f**2 - 3*f + 5. What is the remainder when j(3) is divided by 41?
39
Let x(t) = 0 + 6*t - 7 - 4*t. Calculate the remainder when x(5) is divided by 2.
1
Let f(w) = -w**2 - 9*w - 4. Let n be (6/(-2))/((-6)/(-8)). Let z be 1/(-2) - (-22)/n. Calculate the remainder when 40 is divided by f(z).
12
Suppose 5*d = -4*p + 160, -2*p = -3*d - 2*d - 80. Calculate the remainder when p is divided by 11.
7
Suppose -80 = -3*s - 5*s. Suppose -4*z + 17 = -3*z. What is the remainder when z is divided by s?
7
Suppose 0 = 4*i - 55 - 5. Calculate the remainder when 72 is divided by i.
12
What is the remainder when 15 is divided by 42/4 + 39/(-26)?
6
Suppose 0*i - 672 = 3*i. Let y = -146 - i. Calculate the remainder when y is divided by 27.
24
Suppose -8*g = 2*g - 130. Calculate the remainder when (1 - 0 - 0) + 36 is divided by g.
11
Suppose -200 = -0*c - 4*c. Calculate the remainder when 48 is divided by c*(-1)/4*-2.
23
Let o(h) = 2*h**3 + 2*h**2 + 2*h**2 + 0*h + 2*h - h**3. What is the remainder when 9 is divided by o(-2)?
1
Let m(q) = q + 14. What is the remainder when 27 is divided by m(0)?
13
Suppose 3*v + 0*v = -5*t + 109, -95 = -4*t - 5*v. What is the remainder when t is divided by 11?
9
Suppose -258 = 36*x - 1194. Let l = -13 - -22. Calculate the remainder when x is divided by l.
8
Let v(m) = 2*m**2 - 4*m - 1. Let c be v(3). Suppose -c*j + 85 = -k, 18 = -4*j - 5*k + 86. What is the remainder when j is divided by 9?
8
Let p(s) = -s**3 + 8*s**2 - 6*s + 6. Suppose 0 = -4*y + 3*y. Let h = 7 - y. What is the remainder when p(7) is divided by h?
6
Suppose -3*z - 246 = -4*z. Let c = -31 - -45. What is the remainder when (1/(-2))/((-3)/z) is divided by c?
13
Let w(j) = -j**2 + 11*j - 6. Let z be w(7). Suppose 288 = z*m - 18*m. What is the remainder when m is divided by 25?
22
Suppose -1222 + 402 = -4*o. Suppose -2*a - o = -7*a. Calculate the remainder when a is divided by 14.
13
Let t(v) = -4*v + 3*v - 11*v. What is the remainder when 34 is divided by t(-1)?
10
Let f(x) = -x**2 + 7*x - 4. Let l be (-15)/6*(-2 + 0). Calculate the remainder when f(l) is divided by 2.
0
Suppose -2*u - 7 = -119. What is the remainder when u is divided by 12?
8
Let q(n) = 96*n**3 - n**2 - 2*n - 1. Let d be q(-1). Let c = 135 + d. Calculate the remainder when c is divided by 21.
18
Let y = -150 - -399. Suppose -4*s - 33 = -y. Calculate the remainder when s is divided by 11.
10
Suppose -4*j = j + 25, 0 = -2*i + 4*j + 226. Calculate the remainder when i is divided by 26.
25
Let h = -23 - -61. Let o be (-1)/2 + (-10)/(-4). Suppose -60 = -o*p - p. Calculate the remainder when h is divided by p.
18
Let c = -3 - -9. Let j be 40 + (-4 - -3) - -1. Let r = -29 + j. What is the remainder when r is divided by c?
5
Let p = 12 - 12. Suppose -4*m + m + 42 = p. Calculate the remainder when m is divided by 5.
4
Suppos